 + -119.
-26
What is 134 + (82 - (-100 - -246))?
70
Calculate 12 + (19 + -15 + 12 - (5 - -5)).
18
(1323 - 1350) + 0 + (-8 - -3)
-32
What is the value of 5 + (17 + 9 - -6 - 28)?
9
Evaluate 9 + -118 - -16 - (4 - (6 + -10)) - -13.
-88
Evaluate (1 - (46 + 4) - -3) + (17 - 25 - 2).
-56
What is 131 - (203 + (-16 - 80))?
24
What is the value of 1432 + -1419 + (2 - 3) + 3 - 20?
-5
4 + 0 - (260 + -272 + -6 + -1 + 29)
-6
What is the value of -4180 + 4164 - (1 + 29)?
-46
Evaluate -82 + (-69 - (-7 - 149)).
5
What is 36 - (155 + -67) - -65?
13
What is the value of 11 + (60 - 29) - (8 + -2)?
36
Calculate -23 + 14 + ((13 - 2) + -7 - (1 + -16)).
10
Calculate 5 + 50 + -28 + -55.
-28
What is the value of 15 + 25 - (-1 + -14 + (-23 - -57))?
21
What is the value of (3 - 2) + (12 - -26 - 40)?
-1
What is the value of -7 + (0 - 23) - (21 - 1)?
-50
What is -25 + -19 + (-269 - -202)?
-111
Evaluate -91 + 13 + 51 - (0 + -91).
64
Evaluate -2 + 2 + -13 - (38 + (3 - 29)).
-25
What is the value of (17 - (37 + -28)) + (-8 - -1) - 5?
-4
Calculate (-9 - (-7 + (4 - 15))) + -53 + (4 - -4).
-36
Calculate (-6 - -10) + -625 + 644 + 32 + 1.
56
1 - -10 - (17 + -3 + -10 - 59 - -10)
56
Evaluate (4 - 13) + -13 - -35 - -9 - -69.
91
Evaluate 28 - ((8 - 4) + 2 + 14 + (-6 - 24)).
38
Evaluate 14 - (135 + 30 - (3 - -12)) - -14.
-122
Evaluate 18 + (-14 - (0 - (-16 - -12))) + 1.
1
What is (-35 - 1) + (37 - (41 - ((41 - -9) + -32)))?
-22
What is (90 - 43 - 45) + 37 + -3 + 1 + 0?
37
Calculate 158 - 59 - 21 - 13.
65
What is the value of 0 + 42 + -15 + 41 + -22 + -7?
39
Evaluate (-11 - -29) + 0 + -29 + 4 - (-28 - 1).
22
Calculate (-3912 - -4045) + ((2 - 0) + -5 + 2 - 1).
131
What is the value of (-3 - -2 - (10 - 9)) + 3 + -1 + -6?
-6
What is -13 + (-23 - (-8 + 30))?
-58
Evaluate -138 + (45 - 12 - -6).
-99
What is the value of -24 + 2 + (-32 - 2) + (283 - 167)?
60
What is the value of -2 + -7 + -17 + (56 - 20) + 0 + -97?
-87
(25 - -24 - 34) + (-9 - 1) + -39
-34
-22 + -85 + 44 - -15
-48
What is (-21 - (-2 - -4)) + -2744 + 2746?
-21
Evaluate 34 - (131 + -17 - 31).
-49
Evaluate (-111 - -108) + 33 + (-101 - -1).
-70
Evaluate -6 + (-2 - -13) + (-39 - 45).
-79
What is the value of (-5 - -7) + 6 - (9 - (-6 + (-6 - -7)))?
-6
(-88 + -119 - -87) + 2 + (10 - 0)
-108
Calculate -52 - (-104 + 122 - 35).
-35
What is the value of 9 - (10 + -30 + 20 + -16)?
25
Evaluate 55 - (27 + 14) - -4.
18
Calculate 16 + -3 + -2 - ((-6 - 8 - -19) + -11).
17
Evaluate (1 - -29) + 183 + -174.
39
-32 + (-12 - 5) + 12
-37
What is 16 + -9 + -12 + (2 - (66 + -19 + 17))?
-67
Calculate (67 + -46 - 29) + -2 + (-1 - (36 - 2)).
-45
What is -45 - (-86 + 46 + -6)?
1
Calculate -4 - 5 - (676 + -635).
-50
Calculate 763 + -743 + (1 + 13 - -2).
36
What is the value of -21 + (8 - 16) + 22 + (0 - 31 - -2)?
-36
Evaluate -74 + (37 - -51) - (1 - 1).
14
(31 - 42 - -7 - (51 + -4)) + 4
-47
69 + (-73 - -14) - -5 - (5 - (-2 + 2))
10
What is (1675 - 1672) + (-11 - 1) + -131?
-140
6 + -1 - ((4 - 15) + (11 - (0 + 7)))
12
What is -13 + (-73 - (14 + -30) - 20) - (-2 - 8)?
-80
What is the value of 3 + 64 + -6 - 78?
-17
Calculate (-30 - -70) + -85 + 1 + (0 - 3).
-47
Evaluate -8 + (7 - 8) + (0 - 2) + 12 - 4.
-3
Evaluate (79 - (4 + -1)) + -47 + 63 + -35.
57
Evaluate 2 - (-21 - -5) - 10 - (-14 + -68).
90
What is -6 - (10 - (9 - -8 - -1)) - -37?
39
54 - (5 + -42) - (7 + (-34 - -6))
112
(-4 - -5 - (7 + -2)) + 44 + -117 + 66
-11
What is the value of -473 + 559 - (-1 + 45)?
42
What is the value of (66 - 81) + -1 + 26 + -1 - (-1 - -29)?
-19
Evaluate (36 - (22 + -7)) + -35 - (1 + -13).
-2
What is the value of (32 + -26 - (-1 + 4 - 77)) + (-140 - -150)?
90
Calculate (-13 - -1) + 54 + (-23 - 32) - -12.
-1
What is the value of -4 + 28 + -2 + 25 + (-49 - -25)?
23
Evaluate 61 + -48 + 15 + -37.
-9
-63 + (-51 - -80) - -89
55
Evaluate -13 + 28 + -28 + 22 + -33.
-24
Calculate (-1 - -16) + (-34 - -67 - 65) - 81.
-98
What is 0 + (-18 - (2 - -7 - 3)) - (495 + -480)?
-39
100 + -20 + -8 + 15 + -6
81
-80 + 0 + (1091 - 941)
70
Calculate (-18 - 4) + 16 - (-9 + 0) - 43.
-40
(41 - 61) + 36 + (1 - -5) + -134
-112
What is (-1 - 35) + (-131 - -127) - (13 + -28)?
-25
Evaluate -82 - (39 - 99 - 83).
61
What is 103 + -147 + -4 + 78?
30
Evaluate 46 - 49 - -15 - 45.
-33
Evaluate 105 - (136 - 61) - 25.
5
22 - (51 + -69) - (0 - 12)
52
Calculate ((-12 + 9 - 5) + 7 - -36) + -13.
22
19 + (-22 - (65 + -64) - (-13 - -1))
8
Calculate 10 + (0 + -23 - 20) - 20.
-53
What is the value of (-68 - -61) + 2 + 11 + 8 - (-6 + -8)?
28
What is the value of -2 - -18 - (332 - 343) - 105?
-78
What is -8 + 47 - 36 - (2 + -7 + -4 + 155)?
-143
What is 36 + ((-103 - -14) + -24 - -11)?
-66
-12 - (-12 - (-54 - -6))
-48
Calculate (-3 + -29 - 0) + 101 - 18.
51
What is 2 + (-144 - -57) + (1 - 40)?
-124
-29 + -1 + (-5 - (-26 + 22))
-31
What is the value of (-1 + 0 - 1) + (-1 - -1) - (-17625 - -17592)?
31
(-13 - (-13 - -33)) + 30 + -10 - -47
34
What is -3 + 3 + -9 - (90 + 40 + -42)?
-97
What is 10 + (-7 - (9 - 4)) + 109 + (12 - 25)?
94
What is -1 + (-8 - 2) + (-103 - -143 - 36)?
-7
Calculate 3 + 1 + (14 - (-28 - (5 - 43))).
8
What is the value of (2 - -6 - (713 - 660)) + (-1 - (0 - 1))?
-45
What is (-22 - -14) + (-40 - -62)?
14
What is 0 + 15 + -3 + 1 + -4 + -21 + -57?
-69
What is the value of -30 + 7 + -2 + (75 - -33)?
83
What is the value of 16 + -19 + (-6 - -3 - (52 - -7))?
-65
What is the value of 4 + -55 + 37 + 41?
27
What is the value of -12 + -48 + (6 - (-14 + 31 + -5))?
-66
Evaluate 32 + -7 + -5 + -22 + 27.
25
8 + (-44 - 1) + 13 - -47
23
Evaluate 2 - (-2 + 17) - (-4 - 6).
-3
What is the value of -11 - (6 + -13 + 6 - (15 + -2)) - 0?
3
What is 136 + -203 - (-15 + -122)?
70
Calculate (-8 - (8 + 8 + -18) - -4) + (-1 - 34).
-37
What is the value of 27 - (-27 + (-4 - 5 - -14))?
49
57 + -35 + -11 + (-3 - -7) + 3
18
What is 0 + -88 + -28 + -19 + (22 - -46)?
-67
Evaluate -10 - -3 - 117 - (461 - 492).
-93
Calculate 128 - (60 + -15) - 24.
59
What is -6 + 7 + (67 - 116)?
-48
Evaluate 17 + (17 + -11 - 9) - ((7 - 1) + -1).
9
Evaluate (-4 + -3 - -4 - (-33 + 0)) + -146 + 153.
37
What is the value of 5 - (7 + -5 + 6) - (1 + -24 + 2)?
18
15 + -20 + (-4 - (-4 - 11)) + 7
13
What is 4 + -14 + 1 + 0 + 5 + (-107 - -81)?
-30
What is 14 + 31 - 48 - ((27 - (-3 + 6)) + -1)?
-26
What is the value of -4 + (2 - (-10 + 0)) + (883 - 883) + -21?
-13
Calculate (16 - (28 + -33) - 28) + (-1 - -80).
72
Calculate -35 - (-41 - (-74 + -3)).
-71
What is the value of -37 + -21 + 41 + (-2 - 5 - 73)?
-97
Evaluate -29 - -100 - (-1 + 44).
28
What is (59 - 34) + -19 + -10 + 6?
2
(1 - 0) + -24 + 302 + (425 - 592)
112
Evaluate 85 + -233 + 21 + 76.
-51
What is the value of (-16 - (13 - 12)) + (0 + 6 - -7)?
-4
Calculate (31 - 14) + 27 - (-7 + 7 + 10).
34
What is -104 - (-67 - -131 - 204)?
36
What is (10 + -75 + 18 - 9) + 20?
-36
Calculate (71 - -7) + -12 + (-12 + 0 - (13 + -33)).
74
12 + (-18 - 3) - (8 + 1 - (25 + -23))
-16
Calculate -18 - ((23 - -49) + 0 + -2 + -12).
-76
What is the value of 31 + -34 - -11 - (1 + -3 - -3)?
7
What is the value of 15 - (40 - 74) - 87?
-38
What is 26 - (-28 + 49) - (-89 - (7 - 2))?
99
What is the value of -46 + 24 + 16 - (-50 - -63)?
-19
-209 - -5 - (-820 + 678)
-62
What is the value of -2 + -5 + (-28 - -30) + 3 + -30?
-32
What is -65 - (0 - (-17 - 3 - -8)) - (-2 - -13)?
-88
What is (-3 + -102 - -56) + 11?
-38
Calculate (94 - 14) + -88 + (40 - -2) + 2.
36
What is the value of (-17 - -40 - 37) + 39 + -83?
-58
Calculate (-9 + -3 - 1 - -1 - 1) + 27.
14
What is the value of -66 - (-19 + 14 + -9) - (-8 - 1)?
-43
3 + -6 + -8 - (-102 - -123)
-32
What is the value of 14 + -36 - (178 - 192)?
-8
Calculate 65 + -47 + -64 + 68.
22
What is (-48 - (17 + -31 + -8)) + 14?
-12
170 - (-53 + 79 - -93)
51
Calculate (37 - 0) + -2 + -7 + -8 + (13 - -3).
36
0 - 0 - (-1 + 3) - (245 + -488 - -215)
26
What is 196 + -105 + (-201 - -64)?
-46
Evaluate (-616 - -596) + (-3 - (-8 - (-5 - -5))).
-15
What is -23 + (-4 - -11) - 2 - (-3 + -9 + 19)?
-25
Calculate 23 - (-2 - (34 + -8) - 9).
60
What is -86 - (14 + -61) - (-3 + 2 + -2)?
-36
-10 + (3 - (-7 + -2 - (10 + -69 + -40)))
-97
Evaluate -131 - (-82 + 76 + -56).
-69
What is 23 - -8 - 15 - (-1 - -1) - -6?
22
(4 - 7 - (0 - 16)) + -4673 + 4627
-33
What is the value of 5 + (68 - 5 - (3 + (13 - 11) + -4))?
67
What is the value o